Is 350511647 composite?
False
Is 21674697193 a prime number?
False
Is 26002062433 a composite number?
False
Is 157883860639 composite?
True
Is 564343123 a composite number?
True
Is 13975828709 composite?
False
Is 4226752427 composite?
False
Is 8701962233 prime?
False
Is 226175868587 a composite number?
False
Is 29379644821 composite?
False
Is 3779453 a prime number?
True
Is 228046393 prime?
False
Is 1850679403 a prime number?
True
Is 1911866219 a composite number?
False
Is 25177308337 composite?
True
Is 321196647 prime?
False
Is 18517350433 a prime number?
False
Is 149658037 a prime number?
False
Is 1179797041 a prime number?
True
Is 21551683577 prime?
True
Is 92166082639 composite?
True
Is 23333671 prime?
True
Is 156993119 prime?
True
Is 41445265 composite?
True
Is 190442495 composite?
True
Is 5087391599 prime?
True
Is 1354793387 a composite number?
True
Is 2630868037 prime?
False
Is 62053 a composite number?
False
Is 6448063903 a composite number?
True
Is 34904596319 composite?
False
Is 594040729 a composite number?
False
Is 90416741 prime?
True
Is 736065997 a prime number?
True
Is 153465486971 a composite number?
True
Is 290241215983 a composite number?
False
Is 585807919 composite?
False
Is 12937931803 a prime number?
True
Is 1130617001 a prime number?
True
Is 143098217 a composite number?
True
Is 682937917 prime?
True
Is 7788070973 composite?
True
Is 3902267819 a composite number?
False
Is 103903991 composite?
False
Is 25810844159 a prime number?
False
Is 45294404923 prime?
True
Is 5405586191 prime?
True
Is 36310953251 prime?
False
Is 762979697 a prime number?
True
Is 9632285987 a prime number?
False
Is 1845349187 a composite number?
True
Is 21613551299 a prime number?
False
Is 16963823111 a prime number?
False
Is 5184879377 composite?
False
Is 30702040471 prime?
False
Is 1112723761 composite?
True
Is 2954127221 composite?
False
Is 8655546979 prime?
False
Is 6401520835 prime?
False
Is 2539742419 a composite number?
True
Is 19556210263 prime?
True
Is 39765751121 prime?
False
Is 170732739401 a composite number?
True
Is 1938337283 composite?
False
Is 14406302897 prime?
False
Is 1183094839 prime?
False
Is 1434464327 a composite number?
False
Is 3027584337 a composite number?
True
Is 865561727 a prime number?
True
Is 17369987953 composite?
True
Is 1013377147 composite?
True
Is 822950227 composite?
True
Is 333854731 a composite number?
True
Is 88823244183 composite?
True
Is 156146761 a composite number?
False
Is 829237363 composite?
False
Is 7977165223 a prime number?
True
Is 59113963 prime?
True
Is 6374617 a prime number?
False
Is 490826359 composite?
True
Is 14296284259 a composite number?
True
Is 249172285 a prime number?
False
Is 16798454311 a prime number?
True
Is 31745304869 prime?
True
Is 673612769 a prime number?
True
Is 3280803271 composite?
True
Is 11157281687 composite?
False
Is 33666518143 a composite number?
False
Is 31691610911 a prime number?
False
Is 94699223527 a prime number?
True
Is 810778757 composite?
False
Is 1090881097 a prime number?
False
Is 51786800277 prime?
False
Is 39154245787 a composite number?
False
Is 294526153 a composite number?
True
Is 25529687 composite?
False
Is 175636396303 prime?
True
Is 1258123169 composite?
True
Is 10302982637 composite?
False
Is 3693683911 composite?
False
Is 644442473 a composite number?
True
Is 10716860723 prime?
True
Is 3489148349 a prime number?
True
Is 213664302937 composite?
False
Is 16641082229 composite?
False
Is 540324581 composite?
True
Is 1042728047 prime?
False
Is 57967387859 composite?
False
Is 683231803 a composite number?
False
Is 7469760839 prime?
True
Is 565975663 a prime number?
False
Is 319108529 a composite number?
False
Is 15939092087 prime?
True
Is 10184215757 prime?
False
Is 72097297 composite?
True
Is 5732746729 composite?
True
Is 76383940849 a composite number?
False
Is 117976121 composite?
False
Is 4470970265 prime?
False
Is 193745378 a composite number?
True
Is 447560291 prime?
True
Is 782631259 a prime number?
False
Is 65270587 a composite number?
True
Is 2327633195 a composite number?
True
Is 460315679251 prime?
True
Is 362916387131 a composite number?
True
Is 431093023 composite?
False
Is 214732378921 a composite number?
True
Is 5143003409 prime?
False
Is 414159199 a composite number?
False
Is 192410549 prime?
False
Is 141522799 a prime number?
False
Is 24292007 composite?
True
Is 31392269039 composite?
True
Is 22786527929 a composite number?
True
Is 755099005 prime?
False
Is 3991820863 a prime number?
False
Is 4954552643 a prime number?
False
Is 30174545729 composite?
False
Is 102341343827 a composite number?
False
Is 198036344263 a prime number?
False
Is 8292458299 a prime number?
True
Is 31029726667 a prime number?
True
Is 2517872201 composite?
True
Is 2466381319 a prime number?
True
Is 513617477 composite?
False
Is 1717747631 a composite number?
False
Is 114885785951 prime?
False
Is 518517953 composite?
False
Is 13633412977 composite?
True
Is 1038585113 a composite number?
True
Is 18816722879 prime?
False
Is 13022297179 composite?
False
Is 5249541529 a prime number?
True
Is 2094501273 a composite number?
True
Is 261330340483 a composite number?
False
Is 1957466419 a prime number?
True
Is 31622224079 prime?
False
Is 28137993577 a composite number?
False
Is 30425308379 prime?
True
Is 716406121 composite?
True
Is 1217758961 prime?
True
Is 50266040917 composite?
False
Is 6662235529 a composite number?
False
Is 6862930579 a prime number?
True
Is 239330929171 prime?
True
Is 44941188791 composite?
False
Is 1860164591 a prime number?
True
Is 9758758907 prime?
True
Is 2783982133 a prime number?
False
Is 2539410157 a composite number?
True
Is 1541826437 a composite number?
False
Is 34863949273 prime?
True
Is 358470307159 a prime number?
False
Is 5273881981 composite?
False
Is 81595235327 a composite number?
True
Is 1052236877 a prime number?
True
Is 1070022809 a composite number?
False
Is 4070263891 a prime number?
False
Is 121618710419 composite?
False
Is 3756568513 prime?
True
Is 2429440781 a prime number?
True
Is 1045458481 prime?
True
Is 3642754811 a prime number?
True
Is 5389986287 a composite number?
True
Is 8360051941 composite?
True
Is 5548774159 a composite number?
False
Is 6728468557 a composite number?
False
Is 2114901595 prime?
False
Is 6910182563 a prime number?
False
Is 1474606983 a composite number?
True
Is 532304959 prime?
False
Is 85015262027 composite?
False
Is 457066157 composite?
True
Is 7051775641 a composite number?
True
Is 1135373257 a prime number?
True
Is 28903514467 a prime number?
False
Is 1264358009 prime?
True
Is 1657999129 a composite number?
False
Is 47683259977 a prime number?
False
Is 10511773847 prime?
True
Is 30322199207 composite?
True
Is 6869538127 composite?
False
Is 43656600653 a composite number?
False
Is 525552169 a prime number?
True
Is 36232276169 prime?
True
Is 329604911 a composite number?
True
Is 761489471 prime?
True
Is 3388426949 prime?
False
Is 12406732403 prime?
False
Is 190186547 a prime number?
True
Is 1175546609 a composite number?
False
Is 116721269713 a prime number?
True
Is 91235174669 composite?
True
Is 173994435527 a prime number?
False
Is 97569738527 a prime number?
True
Is 47350435045 prime?
False
Is 1245031013 a prime number?
False
Is 526319831 prime?
True
Is 8865350341 a prime number?
False
Is 7044764371 composite?
True
Is 31165400495 prime?
False
Is 17562976874 a composite number?
True
Is 37747261 composite?
False
Is 98201801947 composite?
True
Is 17847115217 a composite number?
True
Is 5899450379 composite?
False
Is 104140417 a prime number?
False
Is 85634966219 a prime number?
False
Is 520476995 composite?
True
Is 811424213 a composite number?
False
Is 3240981467 a composite number?
True
Is 1220235101 composite?
False
Is 2112383353 a prime number?
True
Is 1266910319 a prime number?
True
Is 17572432453 composite?
False
Is 370747973 composite?
True
Is 565433441 composite?
False
Is 11268272011 composite?
True
Is 2063750771 a prime number?
True
Is 137912633 a composite number?
False
Is 3351013217 a composite number?
True
Is 345358415 composite?
True
Is 856344521 composite?
False
Is 1089142957 a prime number?
False
Is 673685629 composite?
False
Is 823478531 prime?
True
Is 1013460251 prime?
True
Is 